{"id":498,"date":"2023-07-12T13:46:42","date_gmt":"2023-07-12T11:46:42","guid":{"rendered":"https:\/\/comptoirdeslignes.com\/?page_id=498"},"modified":"2025-10-13T21:04:53","modified_gmt":"2025-10-13T19:04:53","slug":"theme-du-mois","status":"publish","type":"page","link":"https:\/\/comptoirdeslignes.com\/index.php\/theme-du-mois\/","title":{"rendered":"Th\u00e8me du mois"},"content":{"rendered":"\n<div class=\"wp-block-cover is-light\"><img decoding=\"async\" width=\"684\" height=\"1024\" class=\"wp-block-cover__image-background wp-image-1010 size-large\" alt=\"\" src=\"https:\/\/comptoirdeslignes.com\/wp-content\/uploads\/2025\/10\/pexels-anete-lusina-4792062-1-684x1024.jpg\" data-object-fit=\"cover\" srcset=\"https:\/\/comptoirdeslignes.com\/wp-content\/uploads\/2025\/10\/pexels-anete-lusina-4792062-1-684x1024.jpg 684w, https:\/\/comptoirdeslignes.com\/wp-content\/uploads\/2025\/10\/pexels-anete-lusina-4792062-1-200x300.jpg 200w, https:\/\/comptoirdeslignes.com\/wp-content\/uploads\/2025\/10\/pexels-anete-lusina-4792062-1-768x1151.jpg 768w, https:\/\/comptoirdeslignes.com\/wp-content\/uploads\/2025\/10\/pexels-anete-lusina-4792062-1-scaled.jpg 1709w\" sizes=\"(max-width: 684px) 100vw, 684px\" \/><span aria-hidden=\"true\" class=\"wp-block-cover__background has-background-dim\" style=\"background-color:#a48b84\"><\/span><div class=\"wp-block-cover__inner-container is-layout-flow wp-block-cover-is-layout-flow\">\n<h2 class=\"wp-block-heading has-text-align-center has-white-color has-text-color has-link-color wp-elements-9d900d2e2c20691c2303472bc170e1d1\" style=\"text-transform:none\"><mark style=\"background-color:rgba(0, 0, 0, 0)\" class=\"has-inline-color has-white-color\">Acte XXIX &#8211; <\/mark>Rooftop Mogador<\/h2>\n\n\n\n<ul class=\"wp-block-list has-white-color has-text-color has-link-color wp-elements-3e72094d67aca0daeaf0646c6eae9e08\">\n<li>Th\u00e8me : Le chat des autres<\/li>\n\n\n\n<li>Dur\u00e9e : jusqu&rsquo;au 15 novembre (publication le 16 novembre)<\/li>\n<\/ul>\n<\/div><\/div>\n\n\n\n<h2 class=\"wp-block-heading\">\u00c9crivain ou \u00e9crivaine en devenir<\/h2>\n\n\n\n<p><\/p>\n\n\n\n<p>Maintenant que tu as pris connaissance du<strong> <mark style=\"background-color:rgba(0, 0, 0, 0);color:#b7c99f\" class=\"has-inline-color\"><a href=\"https:\/\/comptoirdeslignes.com\/index.php\/le-concept\/\" target=\"_blank\" rel=\"noreferrer noopener\">Concept<\/a><\/mark><mark style=\"background-color:rgba(0, 0, 0, 0)\" class=\"has-inline-color has-light-green-cyan-color\"> <\/mark><\/strong>propos\u00e9 par le Comptoir Des Lignes, du th\u00e8me du mois, tu souhaites donc participer ? Rien de plus simple ! <strong>Envoie-nous ton texte au moyen du formulaire ci-dessous dans le d\u00e9lai imparti !<\/strong><\/p>\n\n\n\n<p>Un dernier conseil: trempe ta plume \u00e0 l&rsquo;encre de ton c\u0153ur et la bobinette cherra.<\/p>\n\n\n<div class=\"wp-block-image\">\n<figure class=\"aligncenter size-large is-resized\"><img decoding=\"async\" width=\"929\" height=\"1024\" src=\"https:\/\/comptoirdeslignes.com\/wp-content\/uploads\/2023\/07\/image-7-transformed-929x1024.png\" alt=\"\" class=\"wp-image-491\" style=\"width:161px;height:177px\"\/><\/figure>\n<\/div>\n\n\n<div class=\"wp-block-contact-form-7-contact-form-selector\">\n<div class=\"wpcf7 no-js\" id=\"wpcf7-f356-o1\" lang=\"fr-FR\" dir=\"ltr\" data-wpcf7-id=\"356\">\n<div class=\"screen-reader-response\"><p role=\"status\" aria-live=\"polite\" aria-atomic=\"true\"><\/p> <ul><\/ul><\/div>\n<form action=\"\/index.php\/wp-json\/wp\/v2\/pages\/498#wpcf7-f356-o1\" method=\"post\" class=\"wpcf7-form init\" aria-label=\"Formulaire de contact\" enctype=\"multipart\/form-data\" novalidate=\"novalidate\" data-status=\"init\">\n<fieldset class=\"hidden-fields-container\"><input type=\"hidden\" name=\"_wpcf7\" value=\"356\" \/><input type=\"hidden\" name=\"_wpcf7_version\" value=\"6.1.3\" \/><input type=\"hidden\" name=\"_wpcf7_locale\" value=\"fr_FR\" \/><input type=\"hidden\" name=\"_wpcf7_unit_tag\" value=\"wpcf7-f356-o1\" \/><input type=\"hidden\" name=\"_wpcf7_container_post\" value=\"0\" \/><input type=\"hidden\" name=\"_wpcf7_posted_data_hash\" value=\"\" \/>\n<\/fieldset>\n<p><label> Nom et Pr\u00e9nom : (obligatoire)<br \/>\n<span class=\"wpcf7-form-control-wrap\" data-name=\"your-name\"><input size=\"40\" maxlength=\"400\" class=\"wpcf7-form-control wpcf7-text wpcf7-validates-as-required\" aria-required=\"true\" aria-invalid=\"false\" value=\"\" type=\"text\" name=\"your-name\" \/><\/span> <\/label>\n<\/p>\n<p><label> Votre E-mail : (obligatoire)<br \/>\n<span class=\"wpcf7-form-control-wrap\" data-name=\"your-email\"><input size=\"40\" maxlength=\"400\" class=\"wpcf7-form-control wpcf7-email wpcf7-validates-as-required wpcf7-text wpcf7-validates-as-email\" aria-required=\"true\" aria-invalid=\"false\" value=\"\" type=\"email\" name=\"your-email\" \/><\/span> <\/label>\n<\/p>\n<p><label> Titre (obligatoire)<br \/>\n<span class=\"wpcf7-form-control-wrap\" data-name=\"your-subject\"><input size=\"40\" maxlength=\"400\" class=\"wpcf7-form-control wpcf7-text wpcf7-validates-as-required\" aria-required=\"true\" aria-invalid=\"false\" value=\"\" type=\"text\" name=\"your-subject\" \/><\/span> <\/label>\n<\/p>\n<p><label> Votre message<br \/>\n<span class=\"wpcf7-form-control-wrap\" data-name=\"your-message\"><textarea cols=\"40\" rows=\"10\" maxlength=\"2000\" class=\"wpcf7-form-control wpcf7-textarea wpcf7-validates-as-required\" aria-required=\"true\" aria-invalid=\"false\" name=\"your-message\"><\/textarea><\/span> <\/label>\n<\/p>\n<p><label> Votre \u00e9crit au format Word ou PDF<br \/>\n<span class=\"wpcf7-form-control-wrap\" data-name=\"file-56\"><input size=\"40\" class=\"wpcf7-form-control wpcf7-file\" accept=\".docx,.pdf\" aria-invalid=\"false\" type=\"file\" name=\"file-56\" \/><\/span> <\/label>\n<\/p>\n<p><input class=\"wpcf7-form-control wpcf7-submit has-spinner\" type=\"submit\" value=\"Envoyer\" \/>\n<\/p><p style=\"display: none !important;\" class=\"akismet-fields-container\" data-prefix=\"_wpcf7_ak_\"><label>&#916;<textarea name=\"_wpcf7_ak_hp_textarea\" cols=\"45\" rows=\"8\" maxlength=\"100\"><\/textarea><\/label><input type=\"hidden\" id=\"ak_js_1\" name=\"_wpcf7_ak_js\" value=\"106\"\/><script>document.getElementById( \"ak_js_1\" ).setAttribute( \"value\", ( new Date() ).getTime() );<\/script><\/p><div class=\"wpcf7-response-output\" aria-hidden=\"true\"><\/div>\n<\/form>\n<\/div>\n<\/div>\n","protected":false},"excerpt":{"rendered":"<p>\u00c9crivain ou \u00e9crivaine en devenir Maintenant que tu as pris connaissance du Concept propos\u00e9 par le Comptoir Des Lignes, du th\u00e8me du mois, tu souhaites donc participer ? Rien de plus simple ! Envoie-nous ton texte au moyen du formulaire ci-dessous dans le d\u00e9lai imparti ! Un dernier conseil: trempe ta plume \u00e0 l&rsquo;encre de ton c\u0153ur et la bobinette cherra.<\/p>\n","protected":false},"author":1,"featured_media":0,"parent":0,"menu_order":0,"comment_status":"closed","ping_status":"closed","template":"","meta":{"footnotes":""},"class_list":["post-498","page","type-page","status-publish","hentry"],"yoast_head":"<!-- This site is optimized with the Yoast SEO plugin v26.4 - https:\/\/yoast.com\/wordpress\/plugins\/seo\/ -->\n<title>Th\u00e8me du mois - Le Comptoir des Lignes<\/title>\n<meta name=\"robots\" content=\"index, follow, max-snippet:-1, max-image-preview:large, max-video-preview:-1\" \/>\n<link rel=\"canonical\" href=\"https:\/\/comptoirdeslignes.com\/index.php\/theme-du-mois\/\" \/>\n<meta property=\"og:locale\" content=\"fr_FR\" \/>\n<meta property=\"og:type\" content=\"article\" \/>\n<meta property=\"og:title\" content=\"Th\u00e8me du mois - Le Comptoir des Lignes\" \/>\n<meta property=\"og:description\" content=\"\u00c9crivain ou \u00e9crivaine en devenir Maintenant que tu as pris connaissance du Concept propos\u00e9 par le Comptoir Des Lignes, du th\u00e8me du mois, tu souhaites donc participer ? Rien de plus simple ! Envoie-nous ton texte au moyen du formulaire ci-dessous dans le d\u00e9lai imparti ! Un dernier conseil: trempe ta plume \u00e0 l&rsquo;encre de ton c\u0153ur et la bobinette cherra.\" \/>\n<meta property=\"og:url\" content=\"https:\/\/comptoirdeslignes.com\/index.php\/theme-du-mois\/\" \/>\n<meta property=\"og:site_name\" content=\"Le Comptoir des Lignes\" \/>\n<meta property=\"article:modified_time\" content=\"2025-10-13T19:04:53+00:00\" \/>\n<meta property=\"og:image\" content=\"https:\/\/comptoirdeslignes.com\/wp-content\/uploads\/2025\/10\/pexels-anete-lusina-4792062-1-scaled.jpg\" \/>\n\t<meta property=\"og:image:width\" content=\"1709\" \/>\n\t<meta property=\"og:image:height\" content=\"2560\" \/>\n\t<meta property=\"og:image:type\" content=\"image\/jpeg\" \/>\n<meta name=\"twitter:card\" content=\"summary_large_image\" \/>\n<meta name=\"twitter:label1\" content=\"Dur\u00e9e de lecture estim\u00e9e\" \/>\n\t<meta name=\"twitter:data1\" content=\"1 minute\" \/>\n<script type=\"application\/ld+json\" class=\"yoast-schema-graph\">{\"@context\":\"https:\/\/schema.org\",\"@graph\":[{\"@type\":\"WebPage\",\"@id\":\"https:\/\/comptoirdeslignes.com\/index.php\/theme-du-mois\/\",\"url\":\"https:\/\/comptoirdeslignes.com\/index.php\/theme-du-mois\/\",\"name\":\"Th\u00e8me du mois - Le Comptoir des Lignes\",\"isPartOf\":{\"@id\":\"https:\/\/comptoirdeslignes.com\/#website\"},\"primaryImageOfPage\":{\"@id\":\"https:\/\/comptoirdeslignes.com\/index.php\/theme-du-mois\/#primaryimage\"},\"image\":{\"@id\":\"https:\/\/comptoirdeslignes.com\/index.php\/theme-du-mois\/#primaryimage\"},\"thumbnailUrl\":\"https:\/\/comptoirdeslignes.com\/wp-content\/uploads\/2025\/10\/pexels-anete-lusina-4792062-1-684x1024.jpg\",\"datePublished\":\"2023-07-12T11:46:42+00:00\",\"dateModified\":\"2025-10-13T19:04:53+00:00\",\"breadcrumb\":{\"@id\":\"https:\/\/comptoirdeslignes.com\/index.php\/theme-du-mois\/#breadcrumb\"},\"inLanguage\":\"fr-FR\",\"potentialAction\":[{\"@type\":\"ReadAction\",\"target\":[\"https:\/\/comptoirdeslignes.com\/index.php\/theme-du-mois\/\"]}]},{\"@type\":\"ImageObject\",\"inLanguage\":\"fr-FR\",\"@id\":\"https:\/\/comptoirdeslignes.com\/index.php\/theme-du-mois\/#primaryimage\",\"url\":\"https:\/\/comptoirdeslignes.com\/wp-content\/uploads\/2025\/10\/pexels-anete-lusina-4792062-1-scaled.jpg\",\"contentUrl\":\"https:\/\/comptoirdeslignes.com\/wp-content\/uploads\/2025\/10\/pexels-anete-lusina-4792062-1-scaled.jpg\",\"width\":1709,\"height\":2560},{\"@type\":\"BreadcrumbList\",\"@id\":\"https:\/\/comptoirdeslignes.com\/index.php\/theme-du-mois\/#breadcrumb\",\"itemListElement\":[{\"@type\":\"ListItem\",\"position\":1,\"name\":\"Accueil\",\"item\":\"https:\/\/comptoirdeslignes.com\/\"},{\"@type\":\"ListItem\",\"position\":2,\"name\":\"Th\u00e8me du mois\"}]},{\"@type\":\"WebSite\",\"@id\":\"https:\/\/comptoirdeslignes.com\/#website\",\"url\":\"https:\/\/comptoirdeslignes.com\/\",\"name\":\"Le Comptoir des Lignes\",\"description\":\"Un th\u00e8me. Une contrainte. Une dur\u00e9e.\",\"potentialAction\":[{\"@type\":\"SearchAction\",\"target\":{\"@type\":\"EntryPoint\",\"urlTemplate\":\"https:\/\/comptoirdeslignes.com\/?s={search_term_string}\"},\"query-input\":{\"@type\":\"PropertyValueSpecification\",\"valueRequired\":true,\"valueName\":\"search_term_string\"}}],\"inLanguage\":\"fr-FR\"}]}<\/script>\n<!-- \/ Yoast SEO plugin. -->","yoast_head_json":{"title":"Th\u00e8me du mois - Le Comptoir des Lignes","robots":{"index":"index","follow":"follow","max-snippet":"max-snippet:-1","max-image-preview":"max-image-preview:large","max-video-preview":"max-video-preview:-1"},"canonical":"https:\/\/comptoirdeslignes.com\/index.php\/theme-du-mois\/","og_locale":"fr_FR","og_type":"article","og_title":"Th\u00e8me du mois - Le Comptoir des Lignes","og_description":"\u00c9crivain ou \u00e9crivaine en devenir Maintenant que tu as pris connaissance du Concept propos\u00e9 par le Comptoir Des Lignes, du th\u00e8me du mois, tu souhaites donc participer ? Rien de plus simple ! Envoie-nous ton texte au moyen du formulaire ci-dessous dans le d\u00e9lai imparti ! Un dernier conseil: trempe ta plume \u00e0 l&rsquo;encre de ton c\u0153ur et la bobinette cherra.","og_url":"https:\/\/comptoirdeslignes.com\/index.php\/theme-du-mois\/","og_site_name":"Le Comptoir des Lignes","article_modified_time":"2025-10-13T19:04:53+00:00","og_image":[{"width":1709,"height":2560,"url":"https:\/\/comptoirdeslignes.com\/wp-content\/uploads\/2025\/10\/pexels-anete-lusina-4792062-1-scaled.jpg","type":"image\/jpeg"}],"twitter_card":"summary_large_image","twitter_misc":{"Dur\u00e9e de lecture estim\u00e9e":"1 minute"},"schema":{"@context":"https:\/\/schema.org","@graph":[{"@type":"WebPage","@id":"https:\/\/comptoirdeslignes.com\/index.php\/theme-du-mois\/","url":"https:\/\/comptoirdeslignes.com\/index.php\/theme-du-mois\/","name":"Th\u00e8me du mois - Le Comptoir des Lignes","isPartOf":{"@id":"https:\/\/comptoirdeslignes.com\/#website"},"primaryImageOfPage":{"@id":"https:\/\/comptoirdeslignes.com\/index.php\/theme-du-mois\/#primaryimage"},"image":{"@id":"https:\/\/comptoirdeslignes.com\/index.php\/theme-du-mois\/#primaryimage"},"thumbnailUrl":"https:\/\/comptoirdeslignes.com\/wp-content\/uploads\/2025\/10\/pexels-anete-lusina-4792062-1-684x1024.jpg","datePublished":"2023-07-12T11:46:42+00:00","dateModified":"2025-10-13T19:04:53+00:00","breadcrumb":{"@id":"https:\/\/comptoirdeslignes.com\/index.php\/theme-du-mois\/#breadcrumb"},"inLanguage":"fr-FR","potentialAction":[{"@type":"ReadAction","target":["https:\/\/comptoirdeslignes.com\/index.php\/theme-du-mois\/"]}]},{"@type":"ImageObject","inLanguage":"fr-FR","@id":"https:\/\/comptoirdeslignes.com\/index.php\/theme-du-mois\/#primaryimage","url":"https:\/\/comptoirdeslignes.com\/wp-content\/uploads\/2025\/10\/pexels-anete-lusina-4792062-1-scaled.jpg","contentUrl":"https:\/\/comptoirdeslignes.com\/wp-content\/uploads\/2025\/10\/pexels-anete-lusina-4792062-1-scaled.jpg","width":1709,"height":2560},{"@type":"BreadcrumbList","@id":"https:\/\/comptoirdeslignes.com\/index.php\/theme-du-mois\/#breadcrumb","itemListElement":[{"@type":"ListItem","position":1,"name":"Accueil","item":"https:\/\/comptoirdeslignes.com\/"},{"@type":"ListItem","position":2,"name":"Th\u00e8me du mois"}]},{"@type":"WebSite","@id":"https:\/\/comptoirdeslignes.com\/#website","url":"https:\/\/comptoirdeslignes.com\/","name":"Le Comptoir des Lignes","description":"Un th\u00e8me. Une contrainte. Une dur\u00e9e.","potentialAction":[{"@type":"SearchAction","target":{"@type":"EntryPoint","urlTemplate":"https:\/\/comptoirdeslignes.com\/?s={search_term_string}"},"query-input":{"@type":"PropertyValueSpecification","valueRequired":true,"valueName":"search_term_string"}}],"inLanguage":"fr-FR"}]}},"_links":{"self":[{"href":"https:\/\/comptoirdeslignes.com\/index.php\/wp-json\/wp\/v2\/pages\/498","targetHints":{"allow":["GET"]}}],"collection":[{"href":"https:\/\/comptoirdeslignes.com\/index.php\/wp-json\/wp\/v2\/pages"}],"about":[{"href":"https:\/\/comptoirdeslignes.com\/index.php\/wp-json\/wp\/v2\/types\/page"}],"author":[{"embeddable":true,"href":"https:\/\/comptoirdeslignes.com\/index.php\/wp-json\/wp\/v2\/users\/1"}],"replies":[{"embeddable":true,"href":"https:\/\/comptoirdeslignes.com\/index.php\/wp-json\/wp\/v2\/comments?post=498"}],"version-history":[{"count":29,"href":"https:\/\/comptoirdeslignes.com\/index.php\/wp-json\/wp\/v2\/pages\/498\/revisions"}],"predecessor-version":[{"id":1012,"href":"https:\/\/comptoirdeslignes.com\/index.php\/wp-json\/wp\/v2\/pages\/498\/revisions\/1012"}],"wp:attachment":[{"href":"https:\/\/comptoirdeslignes.com\/index.php\/wp-json\/wp\/v2\/media?parent=498"}],"curies":[{"name":"wp","href":"https:\/\/api.w.org\/{rel}","templated":true}]}}